onvert -1213473 (base 9) to base 7.
-5412225
Convert 1301503 (base 6) to base 10.
70383
What is 15e58 (base 16) in base 7?
522324
What is 4ab3a (base 14) in base 13?
6558c
What is -545553502 (base 6) in base 3?
-200102202100202
-d3d4a3 (base 15) to base 16
-99a2c6
Convert -764037 (base 8) to base 15.
-50cdb
What is 10100011110101000 (base 2) in base 14?
227d6
2234307 (base 9) to base 8
4457165
Convert 1018b7 (base 13) to base 14.
9a932
534734 (base 10) to base 11
335832
Convert a5ce0 (base 16) to base 3.
1021111121012
1625421 (base 7) to base 5
24201334
What is -4243076 (base 8) in base 9?
-2114842
Convert -11011010110001101 (base 2) to base 13.
-3bca5
221021010122 (base 3) to base 8
1713174
What is 100040131 (base 5) in base 10?
393166
What is -208178 (base 10) in base 7?
-1524635
Convert -639848 (base 12) to base 5.
-400300320
What is 15431003 (base 6) in base 8?
2057113
Convert -133133020203 (base 4) to base 13.
-192cc21
Convert -540660 (base 8) to base 14.
-49ba0
-2a6a3e (base 16) to base 14
-52502a
What is -5520062 (base 7) in base 5?
-133132001
Convert 979475 (base 10) to base 3.
1211202120212
-104343120 (base 5) to base 14
-c1878
-15460412 (base 7) to base 2
-101101100101001111011
What is 91dd8 (base 16) in base 11?
37897a
Convert 145250 (base 9) to base 5.
10323040
Convert 100001100101000101111111 (base 2) to base 14.
1251d95
-122000212120211 (base 3) to base 2
-100010100001111000101011
Convert -3d969 (base 16) to base 15.
-4eb2a
What is 134be9 (base 15) in base 9?
1663183
Convert -37cd5 (base 14) to base 15.
-2a8d0
What is -1412234 (base 6) in base 13?
-2a2b9
Convert -11425522 (base 8) to base 16.
-262b52
What is 62161 (base 13) in base 7?
1332100
-2002000111 (base 4) to base 10
-532501
Convert -302132201 (base 5) to base 13.
-33405b
361584 (base 13) to base 11
7aaa99
What is 178155 (base 10) in base 5?
21200110
1d1339 (base 16) to base 11
1091671
What is -429143 (base 10) in base 4?
-1220301113
220223 (base 6) to base 12
a673
410527 (base 13) to base 5
341431421
Convert -b75496 (base 12) to base 2.
-1011000001111101110010
156744 (base 8) to base 9
85825
-60033342 (base 8) to base 12
-4275aaa
-315c3 (base 15) to base 13
-5634c
-41454141 (base 6) to base 9
-2235737
2033bb4 (base 12) to base 9
12326721
What is -2161436 (base 7) in base 12?
-10a685
Convert -2133310 (base 5) to base 13.
-13926
100137735 (base 8) to base 7
263010236
Convert -11061 (base 9) to base 15.
-229a
Convert -36627 (base 9) to base 11.
-17505
-61885b9 (base 12) to base 9
-37461026
What is 13ce6a (base 15) in base 13?
2758b7
Convert 2736c1 (base 13) to base 5.
220402100
What is -217720 (base 9) in base 11?
-89a28
Convert -9cb7b0 (base 14) to base 13.
-11495bb
Convert -689511 (base 14) to base 9.
-6625314
13303110 (base 4) to base 15
9706
What is 384785 (base 11) in base 8?
2240521
2040661 (base 9) to base 6
35204431
What is -c9a8c1 (base 13) in base 12?
-1704924
-11804072 (base 9) to base 14
-aa9d9d
Convert -25230530 (base 6) to base 10.
-812790
eba6 (base 16) to base 5
3412301
What is 4d45 (base 16) in base 5?
1113111
What is 184473 (base 9) in base 2?
11100000010011011
Convert -1272672 (base 9) to base 5.
-134304400
What is 1001001111010001100 (base 2) in base 16?
49e8c
Convert -1153a5 (base 14) to base 11.
-373884
-1999a4 (base 13) to base 11
-404200
10011011010101101 (base 2) to base 3
11001002200
23b7366 (base 12) to base 11
3a23585
-26a4c (base 16) to base 9
-261111
What is 5631052 (base 7) in base 15?
db64a
2118406 (base 9) to base 14
21770a
Convert 440343 (base 7) to base 11.
5294a
What is -141223430 (base 5) in base 3?
-1100220220022
What is -2005510 (base 6) in base 13?
-34083
What is -34525421 (base 7) in base 16?
-2e43b4
What is -5525545 (base 6) in base 4?
-1003121021
-1215064 (base 7) to base 4
-211330201
What is 203301141 (base 5) in base 9?
1516055
Convert 3133013023 (base 4) to base 12.
380a37
1434344144 (base 5) to base 8
16456434
What is 1101011000110001101 (base 2) in base 8?
1530615
Convert c82292 (base 14) to base 12.
2324274
Convert 146181c (base 14) to base 2.
100101110100110100010010
Convert -2c353 (base 15) to base 5.
-14030003
Convert -100100111011110100001 (base 2) to base 11.
-757329
What is 210020021011 (base 3) in base 12?
181a1a
What is -116616322 (base 7) in base 9?
-14827431
Convert -17515a (base 15) to base 5.
-242142220
-12341331 (base 5) to base 13
-43397
123033002 (base 5) to base 9
1107504
What is -2502143 (base 9) in base 6?
-45050533
Convert -15171622 (base 9) to base 13.
-1742b22
Convert -11100010101110100011000 (base 2) to base 7.
-120102026
What is -1237ca (base 14) in base 9?
-1151510
-13030261 (base 7) to base 14
-22b5d8
What is -beeea8 (base 15) in base 3?
-122010221220112
Convert -111225 (base 9) to base 12.
-325b8
Convert 16a1a71 (base 14) to base 12.
3895aab
What is -34433442 (base 5) in base 3?
-120211122012
What is 74696 (base 11) in base 14?
2b842
Convert -e369 (base 15) to base 12.
-23960
What is 66ad8c (base 14) in base 2?
1101010011011101000000
Convert 34332041 (base 5) to base 12.
12a578
Convert -20162 (base 9) to base 16.
-33cb
What is -50016 (base 8) in base 12?
-ba3a
Convert -3214d (base 14) to base 3.
-20010222112
What is -201121202110 (base 3) in base 8?
-1362221
Convert -a7a50 (base 13) to base 15.
-5ea7e
What is -256246 (base 8) in base 14?
-24754
What is -497541 (base 11) in base 8?
-2777024
What is 1733445 (base 8) in base 10?
505637
53087 (base 11) to base 9
127021
Convert 21412322 (base 5) to base 7.
1401225
What is 700010 (base 10) in base 3?
1022120020022
-20341403 (base 7) to base 11
-a66a92
Convert 2824103 (base 13) to base 15.
11aa02e
What is -75670 (base 10) in base 7?
-433420
What is 19352 (base 15) in base 14?
21b16
What is 2120323340 (base 5) in base 7?
52642135
What is 30101000 (base 4) in base 11?
34823
What is 1010000100100011011001 (base 2) in base 5?
1133440324
Convert -101111000000110101101 (base 2) to base 5.
-343244100
What is -2210212002011 (base 3) in base 7?
-15455626
Convert 232243353 (base 6) to base 3.
22010011112020
Convert 3236b (base 13) to base 16.
16231
101111100110100001 (base 2) to base 4
233212201
Convert -122103221110 (base 4) to base 14.
-cb72a8
157a19 (base 11) to base 6
5125203
Convert 2b6a863 (base 13) to base 9.
28184847
Convert -273a440 (base 11) to base 13.
-c9719a
40511301 (base 6) to base 2
100011011010000110101
12223321433 (base 5) to base 10
14667118
Convert -157634 (base 9) to base 8.
-276302
1731715 (base 8) to base 6
14452541
Convert -c621 (base 13) to base 15.
-81c0
What is -201677 (base 8) in base 16?
-103bf
What is -729a (base 14) in base 9?
-30058
Convert -1240071 (base 10) to base 13.
-345591
121300300201 (base 4) to base 10
6753313
188416 (base 9) to base 11
80488
Convert -25653522 (base 7) to base 3.
-11102100212100
What is -31745 (base 13) in base 15?
-1b615
26161 (base 13) to base 4
101032120
Convert -16773 (base 11) to base 10.
-23554
What is -1012123133 (base 4) in base 5?
-33212404
What is 21643 (base 7) in base 16?
155e
What is -10001101000101100000 (base 2) in base 13?
-17305c
What is -1d894 (base 16) in base 12?
-5a018
Convert -1153411 (base 7) to base 10.
-147694
Convert -2350561 (base 9) to base 11.
-79a710
What is -1331312 (base 8) in base 6?
-12000534
What is 1354204 (base 7) in base 4?
230110231
Convert -212220212101 (base 3) to base 11.
-2a1823
100101001110011100000 (base 2) to base 10
1219808
-340002130 (base 5) to base 9
-2712517
What is -1557243 (base 8) in base 10?
-450211
Convert 5a4d8 (base 16) to base 12.
15a074
121011022 (base 3) to base 8
27004
-c97c42 (base 15) to base 5
-4424011022
-5038e (base 15) to base 10
-253934
-152156450 (base 7) to base 5
-10044231130
Convert 148369 (base 10) to base 14.
3c0db
Convert -46db7 (base 14) to base 9.
-283071
26531435 (base 7) to base 13
677a23
What is 1616287 (base 9) in base 13?
255322
-2021211102111 (base 3) to base 5
-302421021
What is 221022132132 (base 4) in base 9?
22266183
-47006 (base 13) to base 3
-20120211002
What is 179b3c (base 15) in base 10?
1146657
223300333 (base 5) to base 8
3625063
Convert -144964 (base 13) to base 11.
-309664
19896a5 (base 11) to base 2
1100110010000110111000
-7c004 (base 14) to base 12
-126818
What is 61884 (base 14) in base 3?
102221020220
What 